mmon factor of 81 and b?
9
Suppose -9*d + 8*d + 54 = 0. What is the highest common divisor of 6 and d?
6
Let k be (-2)/6 + 95/15. Let c = k - 5. Let r be (-2 + c)/((-4)/24). What is the greatest common divisor of r and 54?
6
Let t = -5 + 129. Suppose k = -4*o + 2*k + 241, 2*o - 4*k = t. Let v(q) = q**3 - 11*q**2 + q + 4. Let s be v(11). What is the highest common factor of s and o?
15
Let y = 41 - 17. Calculate the highest common factor of y and 192.
24
Let v be 4/(-6) + 497/3. Suppose -v = s - 9. Let h = s + 221. What is the greatest common divisor of h and 13?
13
Let h(l) = -2*l**3 + l**2 + l + 1. Let f be h(-1). Suppose 1 = -u + f. Let i be (-1 + u)*(17 - 0). Calculate the highest common factor of 153 and i.
17
Let m(x) = -22*x + 4. Let j(r) = -11*r + 2. Let y(n) = 5*j(n) - 2*m(n). Let d be y(-2). Calculate the greatest common divisor of d and 60.
12
Suppose l = 5*a - 0 + 21, 2*a - 51 = -5*l. Calculate the greatest common factor of 176 and l.
11
Let h(u) = -u**3 - u**2 + u - 3. Let m(d) = d**2 - 9*d - 3. Let o be m(9). Let k be h(o). Calculate the highest common factor of 108 and k.
12
Let n = -83 + 95. What is the highest common divisor of 42 and n?
6
Let a(m) = -m**3 - 3*m**2 - 3*m - 6. Let g be a(-6). Let o be (2/2 - 1) + 15. What is the highest common divisor of o and g?
15
Let d(z) = 4*z**2 - 8*z - 4. Let k be d(-6). Suppose 5*x = -r + 4*x + 36, -5*r - 3*x + k = 0. What is the highest common divisor of r and 5?
5
Suppose -37 - 11 = -4*x. What is the highest common factor of 18 and x?
6
Let p be ((-40)/12)/(4/(-6)). Suppose p*y = -o + 34, -4*y + 24 = 3*o - 12. Let a(j) = j**2 - 3. Let x be a(-3). Calculate the greatest common factor of y and x.
6
Let i be (-497)/(-7) - 1/(-1). What is the greatest common divisor of 9 and i?
9
Suppose 12*w - 273 = 735. What is the highest common factor of 126 and w?
42
Let j(c) = -c**2 - 9*c + 15. Let f be j(-10). Calculate the highest common factor of f and 5.
5
Let y be (2 + (-10)/8)/(2/8). What is the greatest common factor of y and 3?
3
Let v = 25 - 22. Let a = 1 - 1. Let z(g) = g**3 - g + 33. Let w be z(a). Calculate the greatest common factor of w and v.
3
Let p(w) = -2*w - 7. Let y(l) = 7*l**3 + l**2 + l. Let t be y(-1). Let g be p(t). What is the greatest common factor of 49 and g?
7
Suppose 75*f = 74*f + 1. Calculate the highest common factor of f and 18.
1
Suppose 3*o = -9 + 144. What is the greatest common divisor of o and 18?
9
Suppose o = -5*m + 280, 3*o + 51 = -5*m + 341. What is the greatest common divisor of 5 and m?
5
Let o be 5 - (1 - (-4)/2). Let w be ((-2)/(-3))/(o/3). Calculate the greatest common factor of w and 10.
1
Let u = 1 + 17. What is the greatest common factor of u and 12?
6
Suppose -3*t - 10 = n, 0 = 5*t - 3*n - 0*n + 26. Let k(l) = 4*l**2 + 3*l - 1. Let p be k(t). What is the greatest common factor of p and 17?
17
Suppose 0*o + 4*o - 2*w - 514 = 0, -o - 5*w + 101 = 0. What is the greatest common divisor of 14 and o?
14
Suppose o - 5 = -3*j + 29, 5*j - 5*o - 30 = 0. What is the greatest common divisor of 30 and j?
10
Let h(a) = a**3 + 6*a**2 + 3*a - 2. Let k be h(-5). Calculate the greatest common divisor of k and 64.
8
Let w be ((-9)/(-3) + (-14)/4)*-36. Calculate the highest common divisor of 162 and w.
18
Let q = -3 - -1. Let l be q - 2*-1 - -84. Suppose 0 = u - 2*v - 2, -v = 5*u - 0*v - 65. What is the highest common divisor of l and u?
12
Let y(x) = 2*x + 1. Let l be y(-5). Let v = l - -17. What is the highest common divisor of 12 and v?
4
Suppose -1 = q - 0. Let w be 1/(q/(-1))*18. Suppose 36 = 6*v - 3*v. What is the greatest common divisor of v and w?
6
Let d be -2 + 0/(-1) + -2. Let x be 344/10 + d/10. Let k = 79 - x. Calculate the greatest common divisor of k and 15.
15
Suppose -32 + 44 = g. What is the greatest common factor of 36 and g?
12
Let a(w) = w**3 - w - 9. Let h be a(0). Let b be 81/6 - h/(-6). Let s(y) = -12*y. Let m be s(-3). What is the highest common divisor of b and m?
12
Let q = -126 + 42. Let n = -129 - -79. Let j = n - q. What is the greatest common divisor of j and 17?
17
Let z = -5 - -6. Suppose -z + 13 = 3*g. What is the greatest common factor of g and 1?
1
Suppose 70 = -2*q + 7*q. What is the greatest common factor of 70 and q?
14
Let b(t) = -4 - 21*t - 3*t + 5. Let g be b(-5). What is the highest common divisor of g and 11?
11
Let c(f) = 24*f. Let t be c(3). Suppose 0 = h - r - 4*r + 17, -2*h + 21 = r. What is the highest common factor of h and t?
8
Let i(z) = -2*z + 30. Let d be i(0). Calculate the greatest common factor of d and 150.
30
Let f = 40 + -62. Let t be 3/6 - f/4. Let s = -40 - -58. Calculate the highest common divisor of s and t.
6
Let n(p) = -p**3 + 6*p**2 + 8. Let l be n(6). Suppose -78 = -5*k - l. Calculate the greatest common divisor of k and 14.
14
Let u be 18/7 + -3 + (-24)/(-7). What is the highest common divisor of u and 39?
3
Let b be (0 - 801/(-4)) + (-3)/12. Calculate the greatest common divisor of 40 and b.
40
Suppose 0*a - 5*a = -55. Calculate the greatest common divisor of 1 and a.
1
Let b(o) = 2*o - 8. Let d be b(6). Let n be 0 - -1 - -2 - 15/(-5). Calculate the highest common factor of n and d.
2
Suppose -u = -y - 8, 3*u = 2*u - y. Let l = u + 8. Let m be (-22)/(-6) + (-6)/9. What is the greatest common divisor of l and m?
3
Suppose -s - 5*v + 4 + 19 = 0, v + 113 = 4*s. What is the highest common factor of s and 21?
7
Let v = -36 + 55. Let y = 68 - -27. Suppose 4*c - 91 = 3*n, n + 5 + y = 5*c. What is the highest common factor of v and c?
19
Suppose -3*w + 27 = -5*y, y = -3*w - y + 6. Let p(v) = 10*v - 5. Let l be p(w). Let r = 26 - 12. Calculate the greatest common factor of l and r.
7
Let u = -18 + 34. Suppose 4*o + 3*s - 18 = 0, 6*o - o - 25 = -5*s. Suppose u = -z + o*z. Calculate the highest common factor of 72 and z.
8
Suppose p = 4 + 1. Suppose 0 = -2*m + p*i + 35, -2*i + 5*i - 21 = -3*m. What is the greatest common factor of m and 10?
10
Let h be 2 + -4 + 0 + 7. Suppose -12 = -4*j - h*w, -5*w = j + 6 + 6. Calculate the highest common divisor of 20 and j.
4
Suppose 0 = -2*y - 4*i + 136, 5*y + 2*i - 199 - 149 = 0. Let k = -418 - -988. Suppose 4*r = k + y. What is the highest common factor of 20 and r?
20
Let u = -10 - -34. Let c be -2 + 4 - (2 - 3). Suppose 0 = 2*s + 6, -c*f + 5*s = -33. Calculate the highest common divisor of f and u.
6
Suppose 64 = -49*v + 53*v. Calculate the greatest common factor of v and 24.
8
Let g = 46 + -24. What is the highest common divisor of 6 and g?
2
Suppose 27 = 4*o - o. Calculate the greatest common factor of o and 6.
3
Let m = 6 - 4. Suppose -3*q = m*j - 141, 4*j + 0*q + 4*q = 272. What is the greatest common divisor of j and 7?
7
Suppose -2*j = -0*j - 6. Let t(k) = k**3 + 3*k**2 + 2. Let i be t(j). Let b = i + -39. Calculate the greatest common divisor of b and 119.
17
Let b = -6 - -8. Suppose -14 = -f - b. Calculate the highest common factor of f and 48.
12
Let t be ((-2)/(-4))/((-13)/(-156)). What is the greatest common factor of 24 and t?
6
Let h(t) = -t + 2. Let n be h(0). Suppose m - 18 = -7*d + n*d, -m + 3*d = 6. Calculate the greatest common factor of 33 and m.
3
Suppose 0 = -2*v + 6 + 2. Suppose 35 - 3 = v*y. Calculate the highest common divisor of 1 and y.
1
Let z be 19 - (2 + -3)/1. Calculate the greatest common factor of z and 160.
20
Suppose -2*f + 4*f + s = 525, 4*s + 1020 = 4*f. What is the greatest common divisor of f and 20?
20
Suppose 0 = -2*b + 4*z + 80, 3*b - 2*z = -2*b + 240. Calculate the greatest common divisor of b and 10.
10
Let g be -1 + 1 + 13 - -2. Suppose b + 4*m = 1 + 3, -m + g = 2*b. What is the greatest common factor of b and 8?
8
Suppose 0 = 4*s - 2*z - 58, -16 = 2*s - 4*z - 54. Suppose 0*w + 156 = 3*w. Calculate the greatest common divisor of s and w.
13
Suppose -m - m = -12. Suppose 3*v = 3*y - 9, -5*y + v = m*v - 45. What is the greatest common divisor of y and 6?
6
Suppose d + 26 = -3*g, 2*g = -2*d - 9 - 7. Let s be 12/1*(-30)/g. Calculate the highest common factor of 16 and s.
8
Let a(b) = -b**3 - 7*b**2 + 3*b - 14. Let v be a(-8). Calculate the highest common factor of 13 and v.
13
Suppose 4*w = 4*s - 2*s + 22, s = -2*w + 13. Suppose t = -5*l - 8, 2*t - 2*l + 4 = 6*t. Calculate the highest common divisor of w and t.
2
Suppose i - 2*